 -g + o*g, -3*x - g + 19 = 0. Suppose -h = -4*s + 21, 3*h + 9 = x*s - 19. What is the units digit of s?
5
Suppose 0 = 4*x + p - 77, 0 = 3*x + 2*p - 32 - 27. What is the units digit of x?
9
Suppose 0*g + 37 = g + 3*y, -5*g + 115 = y. What is the tens digit of g?
2
Let g be ((-75)/30)/(2/(-76)). Suppose 5*p = -0*p + g. What is the tens digit of p?
1
What is the units digit of (373 + -22)*(-2)/(-6)?
7
Let y(n) = -n**2 + 2*n + 3. Let k be y(3). Suppose 4*d + d - 90 = k. Suppose -3*j + 9 = -d. What is the units digit of j?
9
Let t be 13/5 + (-4)/(-10). Suppose 4*a - 3*j = 154, t*a + 3*j = 64 + 41. What is the tens digit of a?
3
Suppose 5*s = 3*b - 10 - 34, 3*b + 2*s - 37 = 0. Let t = b - 5. What is the units digit of t?
8
Suppose -40 = -2*b - 3*b. What is the units digit of (0 - b)*(2 + -3)?
8
Suppose 0 = -3*x + 34 + 23. Suppose -3*v + 14 = -x. What is the tens digit of v?
1
Let t(m) = m**2 + 7*m + 8. Let s be t(-7). Suppose s - 28 = -2*h. What is the tens digit of h?
1
Suppose 0 = -12*n + 8*n + 972. What is the hundreds digit of n?
2
Let c = 8 + -8. Suppose 2*t = d - 4, 4*d + 2*t + 2*t - 76 = c. Suppose 0*s = 2*s - d. What is the units digit of s?
7
Let z(r) = r**2 + r - 1. Let p(o) = 2*o**2 - 2*o + 2. Let m(h) = 2*p(h) - 2*z(h). What is the tens digit of m(5)?
2
Let o = -30 + 31. What is the units digit of o?
1
Suppose 5*c - 58 = -2*u, 2*u + 18 = 3*c - u. What is the units digit of c?
0
Suppose -s - 4*s + 25 = 0. Suppose -3*o - 3*g + 17 = -s*g, -5*g + 61 = 4*o. What is the units digit of o?
9
What is the tens digit of ((-142)/(-3))/(5 + (-308)/63)?
2
Suppose 3*h = 6*h - 9. Suppose -6*d + 35 = -d + 5*x, 0 = d + 3*x + h. What is the tens digit of d?
1
Let w(q) be the second derivative of 4*q**3/3 - 5*q**2 - 6*q. What is the units digit of w(5)?
0
Let p = 15 - -3. Suppose -2*t = -0*t - p. Let b = t - -1. What is the units digit of b?
0
What is the tens digit of (92/(-6))/((-8)/60)?
1
Suppose 3*c - 192 = -c. Let f be c/3 - (-1 + 3). Suppose 0 = 2*o + 4 - f. What is the units digit of o?
5
Let q(k) = 6*k - 22. What is the tens digit of q(6)?
1
Let u(v) = 5*v**2 + 6*v + 3. Let l(f) = 4*f**2 + 5*f + 2. Let k(j) = -4*l(j) + 3*u(j). Let g = 0 - 2. What is the units digit of k(g)?
1
Let s(g) = g**2 + 4*g + 2. Suppose 5*k - 20 = l, 17 = -2*l + 5*k - 8. What is the units digit of s(l)?
7
Let n = 1 + 2. Suppose n*x + 20 = 7*x. What is the units digit of x?
5
Let s = 50 - 15. Let w = s + -9. What is the units digit of w?
6
Suppose 0 = p + 3*o + 54, 5*p + 7*o + 300 = 2*o. Let u = -45 - p. What is the units digit of u?
8
Let l be 3/2*(-3 + -1). Suppose -5*m - 2*o + 17 = 77, -3*o = -m - 29. Let a = l - m. What is the units digit of a?
8
Suppose 0 = -5*a - 5*x + 150, -x = -2*x + 5. What is the units digit of -2 + a + 1/(-1)?
2
Suppose f + 3*o = -2*f + 612, 3*o = 2*f - 388. Suppose -3*n - 2*n = -5*j - f, 5*n = 4*j + 205. What is the tens digit of n?
4
Suppose -5*g + 40 = -4*f, 0 = -4*f + 3*g - 7*g - 40. Let q = -1 - f. What is the units digit of q?
9
Suppose -2*t = 133 - 617. What is the tens digit of t?
4
Suppose -4*x + 28 = -2*f, 2*f - x + 18 = -1. Let s(u) = -u - 4. What is the units digit of s(f)?
4
Let k(b) = -10*b. What is the tens digit of k(-1)?
1
Let c = -97 - -99. What is the units digit of c?
2
Let f be (5 - 11)*5/(-2). Suppose 5*s + f = 55. Suppose -2*t + 4 = g, 4*t = 2*g + 3*g + s. What is the units digit of t?
2
Suppose 15 = 3*y - 2*y. What is the tens digit of 3/(-5) + 189/y?
1
Suppose -2*l + 11 = 1. Let p(g) = g**3 - 4*g**2 - 4*g + 3. What is the units digit of p(l)?
8
Let k(s) = -s - 10. Let w be k(-12). Suppose w*d + 2*d = 124. What is the tens digit of d?
3
Suppose 85 + 101 = 2*y - 3*h, 5*y - 503 = -2*h. What is the units digit of y?
9
Let r(m) = 10*m**2 - m + 1. Let n be r(1). Suppose -3*b + 2 = -n. What is the units digit of 14 - 1 - (b - 2)?
1
Suppose -8*o = -5*o - 186. Let t = o - 32. What is the tens digit of t?
3
Suppose -3*m = -2 - 10. Suppose 0 = m*q - 57 + 13. What is the units digit of q?
1
Let m(n) = 5*n + 7. Let d(o) = -o - 1. Let f(w) = -6*d(w) - m(w). Let s be f(1). Suppose s = -12*r + 7*r + 85. What is the units digit of r?
7
Let b(j) = 6*j + 1. Let z be b(9). Let a = z + -27. Suppose 5*o + 3 = a. What is the units digit of o?
5
Let n be (-2)/8 + 9/(-12). Let s = -1 - n. Let w = s - -1. What is the units digit of w?
1
Let s(b) = 3*b**2 + 5*b - 3. What is the units digit of s(3)?
9
Let s be 2/(-2) + 12/6. Let w = s + 0. What is the units digit of (2 - w)*(-5 + 13)?
8
Let z(j) = -7*j - 3. Let k(u) = -21*u - 8. Let w(o) = -3*k(o) + 8*z(o). What is the units digit of w(2)?
4
Suppose -4*l + 3*j - 15 = 0, -5*j = -3*l - 0*l - 14. Let f be l/(1/2 + -2). Suppose 0 = b - f*b + 4. What is the units digit of b?
4
Let q(h) = -h**3 + 11*h**2 - 12*h + 1. What is the units digit of q(9)?
5
Let g(k) = 38*k + 52. What is the units digit of g(6)?
0
Let m(k) = 13*k**2 - 2*k - 3. What is the units digit of m(3)?
8
Suppose 0 = 6*x - 3*x - 273. What is the units digit of x?
1
Suppose 3*n - 259 = 2*n. What is the hundreds digit of n?
2
Suppose -9*d + 148 + 1229 = 0. What is the hundreds digit of d?
1
Let h(l) = l**2 - 2*l - 3. Let o be h(3). Let c(n) = -n**3 + n**2 + 14. What is the units digit of c(o)?
4
Let x(o) = o**2 - 11*o + 27. Let j be x(6). Suppose 3*q - 3*a + 11 = a, 4*a = 2*q + 10. Let p = q - j. What is the units digit of p?
2
Let m(z) be the first derivative of z**4/4 + 2*z**3 + 5*z**2/2 - 4*z + 3. Let i be m(-4). Let q = i + -5. What is the units digit of q?
3
Suppose 4*p - 707 = -3*p. What is the hundreds digit of p?
1
Let o be (-4 - 9)/((-1)/(-3)). What is the tens digit of (-3)/2*442/o?
1
Suppose -87 = -2*b + 2*o + o, 154 = 4*b - 2*o. What is the units digit of b?
6
Let d be 9/2*24/(-9). Let q = 17 + d. What is the units digit of q?
5
Let v(j) = -j**3 - 9*j**2 - 4*j + 4. What is the tens digit of v(-9)?
4
What is the units digit of (2370/10)/((-18)/(-4))*3?
8
Let s(j) = j**3 + 8*j**2 + 7*j - 4. Let y be s(-6). Let t = 52 - y. What is the units digit of t?
6
Let m be ((-4)/8)/(2/(-4)). Let c = m + 1. Let i(w) = w**2 + 2*w. What is the units digit of i(c)?
8
Let f(u) = -7*u - 2*u**3 + 10*u - 3 + u**3 + 2*u**2. What is the units digit of f(2)?
3
Suppose -2*n + 3*h + 2 = 0, n - 3*h - 8 = -5*h. What is the units digit of n?
4
Let x(w) = w**3 + 4*w**2 + 1. Let t be x(-4). Let d = 0 + t. Let v(q) = 7*q - 1. What is the units digit of v(d)?
6
Let i(o) = -o**2 - 7*o - 2. Let y be i(5). Let k = 100 + y. What is the units digit of k?
8
Suppose -5*j + 5*w - 70 = 0, -2*j - 2*w - 56 = -12. Suppose 8*r = -0*r + 248. Let f = j + r. What is the units digit of f?
3
Suppose -b = 2*b + 3. Let n be -3*(b/(-3) + 1). Let m = 11 + n. What is the units digit of m?
7
What is the units digit of (-1*(-50 + 3))/(3/6)?
4
Let i = 1 + -1. Suppose -v = -4*l + 99, i = 4*v + 9 + 3. What is the tens digit of l?
2
Suppose -5*u - 15 = -4*u. Let g = u + 22. Let h = g + -5. What is the units digit of h?
2
Let a = 72 + -51. What is the units digit of a?
1
Suppose -2*x = -1 + 53. Let q be 2/(-6) + x/(-6). Suppose -q*r = -15 - 5. What is the units digit of r?
5
Let c = -6 - -11. Suppose -q + c = -2. What is the units digit of q?
7
What is the units digit of -9*(-2 + (-3)/(-3))?
9
What is the tens digit of (13 - 1)/(-3 - -4)?
1
Suppose 0 = -5*h + 15 - 5. Suppose -t = h*t - 75. What is the units digit of t?
5
Let q = -4 + 13. Let f = q + -5. Suppose 3*u - 68 = 4*r, 2*u + f*r - 11 = 1. What is the tens digit of u?
1
Suppose 0 = 6*y - 4*y - 8. Suppose -4*a - 2*b + 12 = -a, -20 = -y*a - 4*b. Suppose -33 = -g - a*g. What is the tens digit of g?
1
Suppose -171 + 23 = -4*g. What is the tens digit of g?
3
Let o = -2 + 7. Suppose -o*x + 18 = -2*x. What is the units digit of x?
6
Let g(t) = -2*t + 2. Let l(m) = -m + 1. Let u(y) = 2*g(y) - 3*l(y). Let p = -14 - -7. What is the units digit of u(p)?
8
Let r be 3/3 + -3 - -26. Suppose -d - d = -r. What is the units digit of d?
2
Suppose 5*s - 28 = s + 4*k, -3*s = -5*k - 27. Let h be 63/6*s/6. Suppose 3*c + 3*n - 6 = 0, 3*n = -4*c + h*c - 24. What is the units digit of c?
5
Suppose -2*m - 347 = -5*s, -m + 0 = -4. What is the units digit of s?
1
Suppose -2479 = -9*m + 14. What is the hundreds digit of m?
2
Let m(z) = 4 + z**2 + 2*z**2 - 4*z**2